{"id":192,"date":"2013-05-08T14:12:01","date_gmt":"2013-05-08T12:12:01","guid":{"rendered":"http:\/\/www.prolehre.com\/markusheinemann\/wordpress\/?page_id=192"},"modified":"2019-11-03T14:33:13","modified_gmt":"2019-11-03T12:33:13","slug":"impressum-2","status":"publish","type":"page","link":"https:\/\/markusheinemann.com\/wordpress\/?page_id=192","title":{"rendered":"Impressum"},"content":{"rendered":"Version\n 2\n<div>\n<h3>Verantwortlich nach \u00a76 TDG:<\/h3>\n<p>Markus Heinemann<br \/>\nAlfred-Junge-Str. 28<br \/>\n06667 Wei\u00dfenfels<br \/>\nDeutschland<\/p>\n<h3>Kontakt zum Betreiber:<\/h3>\n<p>info@Markusheinemann.com<\/p>\n<p><strong>Verantwortlich f\u00fcr Journalistisch-redaktionell gestaltete Angebote i.S.d. \u00a7 5 TMG \/ \u00a7 55 RStV<\/strong><\/p>\n<p>Markus Heinemann<\/p>\n<h3>Disclaimer:<\/h3>\n<p><strong>I: Haftung f\u00fcr Inhalte<\/strong><\/p>\n<p><strong>Markus Heinemann<\/strong>\u00a0ist f\u00fcr s\u00e4mtliche eigenen Inhalte, die auf diesen Webseiten zur Nutzung bereit gehalten werden, nach allgemeinen Gesetzen verantwortlich (\u00a7 7 TMG). Ich vermittele Ihnen dar\u00fcber hinaus durch Verweise (\u201eLinks\u201c) den Zugang zu fremden Informationen. Ich bin f\u00fcr diese fremden Informationen (\u00a7 8 TMG) nicht verantwortlich, weil ich die \u00dcbermittlung nicht veranlasst, den Adressaten der \u00fcbermittelten Informationen nicht ausgew\u00e4hlt und die \u00fcbermittelten Informationen nicht ausgew\u00e4hlt oder ver\u00e4ndert habe. Die \u00dcbermittlung von Informationen und die Vermittlung des Zugangs zu ihnen erfordert, auf Grund der verwendeten Art von Verweisen, auch keine automatische kurzzeitige Zwischenspeicherung dieser Informationen. Bei der erstmaligen Setzung des Verweises wurden die fremden Informationen jedoch darauf \u00fcberpr\u00fcft, ob sich aus ihr eine zivil- oder strafrechtliche Verantwortlichkeit des f\u00fcr die fremden Informationen Verantwortlichen ergeben k\u00f6nnte. Sobald ich feststelle oder ich von Dritten darauf hingewiesen werde, dass ein von mir gesetzter Link auf fremde Informationen verweist, die eine zivil- oder strafrechtliche Verantwortung des daf\u00fcr Verantwortlichen ausl\u00f6sen, wird der Link darauf aufgehoben werden.<\/p>\n<p>Diese Feststellung gilt ebenso f\u00fcr alle innerhalb des Internetangebots von Dritten erstellten Beitr\u00e4ge in von mir eingerichteten G\u00e4steb\u00fcchern, Diskussionsforen, Linkverzeichnissen, Mailinglisten und in allen anderen Formen von Datenbanken, auf deren Inhalt externe Schreibzugriffe m\u00f6glich sind.<\/p>\n<p>Kontaktieren Sie Markus Heinemann durch email an junk@Markusheinemann.com<\/p>\n<p>Die Inhalte dieser Webseiten werden kostenlos zum Abruf bereitgestellt. Aus diesem Grund \u00fcbernehme ich keine Gew\u00e4hr f\u00fcr die Aktualit\u00e4t, Korrektheit, Vollst\u00e4ndigkeit oder Qualit\u00e4t der bereitgestellten Informationen. Die Haftung von\u00a0<strong>Markus Heinemann<\/strong>\u00a0ist beschr\u00e4nkt auf Vorsatz und grobe Fahrl\u00e4ssigkeit. Die vorstehenden Haftungsbeschr\u00e4nkungen gelten nicht bei Anspr\u00fcchen aus Produkthaftung oder aus Garantie sowie bei Anspr\u00fcchen aufgrund von K\u00f6rper- und Gesundheitssch\u00e4den sowie bei Verlust Ihres Lebens.<br \/>\n<strong>II: Verf\u00fcgbarkeit des Onlineangebots<\/strong><\/p>\n<p>Alle Angebote sind freibleibend und unverbindlich.\u00a0<strong>Markus Heinemann<\/strong>\u00a0beh\u00e4lt es sich ausdr\u00fccklich vor, Teile der Seiten oder das gesamte Angebot ohne gesonderte Ank\u00fcndigung zu ver\u00e4ndern, zu erg\u00e4nzen, zu l\u00f6schen oder die Ver\u00f6ffentlichung zeitweise oder endg\u00fcltig einzustellen.<\/p>\n<p>Gerne senden wir Ihnen aber pers\u00f6nlich die gew\u00fcnschten Informationen zu, falls es uns m\u00f6glich ist.<br \/>\n<strong>III: Urheber- und Markenrecht<\/strong><\/p>\n<p>Die Bilder und Texte, Muster, Kataloge, Prospekte, Daten und Datenbanken sowie das Layout dieser Webseiten sind urheberrechtlich gesch\u00fctzt. Die Verwendung von urheberrechtlich gesch\u00fctzten Werken ist nur mit vorheriger Zustimmung des Urhebers und\/oder Nutzungsberechtigten erlaubt. Wenn Sie diese urheberrechtlich gesch\u00fctzten Inhalte f\u00fcr ihre eigenen Zwecke, insbesondere zur \u00dcbernahme auf eigene Websites, verwenden wollen, wenden Sie sich vorher an\u00a0<strong>Markus Heinemann<\/strong>, der gegebenenfalls den Kontakt mit dem Urheber herstellen wird.<br \/>\n<strong>IV: Zusendung von Werbeinformationen<\/strong><\/p>\n<p>Der \u00dcbermittlung von nicht ausdr\u00fccklich angeforderten werblichen Informationen an die im Impressum aufgef\u00fchrten Kontaktdaten wie Postanschriften, Fax- und Telefonnummern sowie eMail-Adressen wird ausdr\u00fccklich widersprochen. Bei unverlangter Zusendung von Informations- und Werbematerial behalten wir uns rechtliche Schritte gegen den Versender vor.<\/p>\n<p><strong>VI: Hinweis<\/strong><\/p>\n<p><strong>Ich nehme jeden Hinweis auf eine m\u00f6gliche Urheberrechts-, Markenrechts oder Namensrechtsverletzung ernst und werde diese, so eine Verletzung vorliegt, umgehend abstellen. Bitte kontaktieren Sie mich formlos durch email an junk@Markusheinemann.com<\/strong><\/p>\n<p>Quelle:\u00a0<span style=\"text-decoration: underline;\">Impressumsgenerator<\/span>\u00a0von\u00a0<span style=\"text-decoration: underline;\">Rechtsanwalt Christian Czirnich<\/span>\u00a0auf\u00a0<span style=\"text-decoration: underline;\">HostingSociety.com<\/span>.<\/p>\n<\/div>\n","protected":false},"excerpt":{"rendered":"<p>Verantwortlich nach \u00a76 TDG: Markus Heinemann Alfred-Junge-Str. 28 06667 Wei\u00dfenfels Deutschland Kontakt zum Betreiber: info@Markusheinemann.com Verantwortlich f\u00fcr Journalistisch-redaktionell gestaltete Angebote i.S.d. \u00a7 5 TMG \/ \u00a7 55 RStV Markus Heinemann Disclaimer: I: Haftung f\u00fcr Inhalte Markus Heinemann\u00a0ist f\u00fcr s\u00e4mtliche eigenen Inhalte, die auf diesen Webseiten zur Nutzung bereit gehalten werden, nach allgemeinen Gesetzen verantwortlich (\u00a7 [&hellip;]<\/p>\n","protected":false},"author":2,"featured_media":0,"parent":0,"menu_order":0,"comment_status":"closed","ping_status":"closed","template":"","meta":{"footnotes":""},"class_list":["post-192","page","type-page","status-publish","hentry"],"_links":{"self":[{"href":"https:\/\/markusheinemann.com\/wordpress\/index.php?rest_route=\/wp\/v2\/pages\/192","targetHints":{"allow":["GET"]}}],"collection":[{"href":"https:\/\/markusheinemann.com\/wordpress\/index.php?rest_route=\/wp\/v2\/pages"}],"about":[{"href":"https:\/\/markusheinemann.com\/wordpress\/index.php?rest_route=\/wp\/v2\/types\/page"}],"author":[{"embeddable":true,"href":"https:\/\/markusheinemann.com\/wordpress\/index.php?rest_route=\/wp\/v2\/users\/2"}],"replies":[{"embeddable":true,"href":"https:\/\/markusheinemann.com\/wordpress\/index.php?rest_route=%2Fwp%2Fv2%2Fcomments&post=192"}],"version-history":[{"count":8,"href":"https:\/\/markusheinemann.com\/wordpress\/index.php?rest_route=\/wp\/v2\/pages\/192\/revisions"}],"predecessor-version":[{"id":739,"href":"https:\/\/markusheinemann.com\/wordpress\/index.php?rest_route=\/wp\/v2\/pages\/192\/revisions\/739"}],"wp:attachment":[{"href":"https:\/\/markusheinemann.com\/wordpress\/index.php?rest_route=%2Fwp%2Fv2%2Fmedia&parent=192"}],"curies":[{"name":"wp","href":"https:\/\/api.w.org\/{rel}","templated":true}]}}